{"id":113,"date":"2024-06-09T12:06:40","date_gmt":"2024-06-09T10:06:40","guid":{"rendered":"https:\/\/mozaikvoices.be\/?page_id=113"},"modified":"2024-11-12T20:30:18","modified_gmt":"2024-11-12T19:30:18","slug":"contact","status":"publish","type":"page","link":"https:\/\/mozaikvoices.be\/index.php\/contact\/","title":{"rendered":"Contact"},"content":{"rendered":"\n<p>Vous pouvez nous joindre \u00e0 l'adresse mail <a href=\"mailto:contact@mozaikvoices.be\">contact@mozaikvoices.be<\/a>.<\/p>\n\n\n\n<p>Nous sommes pr\u00e9sents sur les r\u00e9seaux sociaux :<\/p>\n\n\n\n<ul class=\"wp-block-list\">\n<li><i class=\"fa fa-brands fa-instagram\"> <\/i>&nbsp;&nbsp;Instagram : <a href=\"https:\/\/www.instagram.com\/mozaik_voices\/\">ici<\/a><\/li>\n\n\n\n<li><i class=\"fa fa-brands fa-facebook\"> <\/i>&nbsp;&nbsp;Facebook : <a href=\"https:\/\/www.facebook.com\/lasonatine\">ici<\/a> et <a href=\"https:\/\/www.facebook.com\/groups\/42436493713\/\">ici<\/a><\/li>\n<\/ul>\n\n\n\n<div class=\"wp-block-group is-layout-constrained wp-block-group-is-layout-constrained\">\n<p><strong>Jean LAMBERT<\/strong>, chef de ch\u0153ur<\/p>\n\n\n\n<ul class=\"wp-block-list\">\n<li><i class=\"fa fa-solid fa-envelope\"> <\/i>&nbsp;&nbsp;<a href=\"mailto:jean.lambert@skynet.be\">jean.lambert@skynet.be<\/a><\/li>\n\n\n\n<li><i class=\"fa fa-solid fa-mobile\"> <\/i>&nbsp;&nbsp;<a href=\"tel:+32497436493\">+32 497 43 64 93<\/a><\/li>\n\n\n\n<li><i class=\"fa fa-solid fa-location-dot\"> <\/i>&nbsp;&nbsp;rue Sainte-Croix, 34\/6&nbsp;\u2014&nbsp;6700 Arlon<\/li>\n<\/ul>\n<\/div>\n\n\n\n<p><\/p>\n\n\n\n<p><strong>Claude FRANKA<\/strong>, Pr\u00e9sident \/ Secr\u00e9taire<\/p>\n\n\n\n<ul class=\"wp-block-list\">\n<li><i class=\"fa fa-solid fa-envelope\"> <\/i>&nbsp;&nbsp;<a href=\"mailto:claude.franka@skynet.be\">claude.franka@skynet.be<\/a><\/li>\n\n\n\n<li><i class=\"fa fa-solid fa-mobile\"> <\/i>&nbsp;&nbsp;<a href=\"tel:+32474703663\">+32 474 70 36 63<\/a><\/li>\n\n\n\n<li><i class=\"fa fa-solid fa-location-dot\"> <\/i>\u00a0\u00a012 rue Fr\u00e9d\u00e9rique Lenger, 6700 Arlon<\/li>\n<\/ul>\n\n\n\n<p><\/p>\n\n\n\n<p><strong>Charlotte van den HOVE<\/strong>, Vice-Pr\u00e9sidente<\/p>\n\n\n\n<ul class=\"wp-block-list\">\n<li><i class=\"fa fa-solid fa-envelope\"> <\/i>&nbsp;&nbsp;<a href=\"mailto:chavdhbe@yahoo.fr\">chavdhbe@yahoo.fr<\/a><\/li>\n\n\n\n<li><i class=\"fa fa-solid fa-mobile\"> <\/i>&nbsp;&nbsp;<a href=\"tel:+32485493585\">+32 485 49 35 85<\/a><\/li>\n\n\n\n<li><i class=\"fa fa-solid fa-location-dot\"> <\/i>&nbsp;&nbsp;avenue de Mersch, 116&nbsp;\u2014&nbsp;6700 Arlon<\/li>\n<\/ul>\n\n\n\n<p><strong>Serge JULIEN<\/strong>, Tr\u00e9sorier<\/p>\n","protected":false},"excerpt":{"rendered":"<p>Vous pouvez nous joindre \u00e0 l&rsquo;adresse mail contact@mozaikvoices.be. Nous sommes pr\u00e9sents sur les r\u00e9seaux sociaux : Jean LAMBERT, chef de<\/p>\n","protected":false},"author":1,"featured_media":0,"parent":0,"menu_order":0,"comment_status":"closed","ping_status":"closed","template":"","meta":{"colormag_page_container_layout":"default_layout","colormag_page_sidebar_layout":"default_layout","footnotes":""},"class_list":["post-113","page","type-page","status-publish","hentry"],"_links":{"self":[{"href":"https:\/\/mozaikvoices.be\/index.php\/wp-json\/wp\/v2\/pages\/113","targetHints":{"allow":["GET"]}}],"collection":[{"href":"https:\/\/mozaikvoices.be\/index.php\/wp-json\/wp\/v2\/pages"}],"about":[{"href":"https:\/\/mozaikvoices.be\/index.php\/wp-json\/wp\/v2\/types\/page"}],"author":[{"embeddable":true,"href":"https:\/\/mozaikvoices.be\/index.php\/wp-json\/wp\/v2\/users\/1"}],"replies":[{"embeddable":true,"href":"https:\/\/mozaikvoices.be\/index.php\/wp-json\/wp\/v2\/comments?post=113"}],"version-history":[{"count":29,"href":"https:\/\/mozaikvoices.be\/index.php\/wp-json\/wp\/v2\/pages\/113\/revisions"}],"predecessor-version":[{"id":251,"href":"https:\/\/mozaikvoices.be\/index.php\/wp-json\/wp\/v2\/pages\/113\/revisions\/251"}],"wp:attachment":[{"href":"https:\/\/mozaikvoices.be\/index.php\/wp-json\/wp\/v2\/media?parent=113"}],"curies":[{"name":"wp","href":"https:\/\/api.w.org\/{rel}","templated":true}]}}